e 20 = -4*y - 0*y, -3*y = -5*j + u. Let v = 3 - j. Determine h(v).
5
Let b be (-10)/(-8) - (-2)/(-8). Let d = 20 + -13. Let r(n) = 5*n + n - d + 6. Give r(b).
5
Suppose -3 = -2*y + 5. Let c(v) = -2 + 2*v - 5*v - 9*v**2 + 1 + y*v. Determine c(1).
-9
Let n = 5 + -1. Suppose -n*f + 5 - 1 = 4*m, -1 = 5*f - m. Let s(g) be the third derivative of -g**5/60 - g**4/24 + 2*g**2. Calculate s(f).
0
Let i(g) = -10*g + 10*g + 5 - g. What is i(5)?
0
Let g(h) = h**2 + h - 1. Suppose -3*p + 0 - 6 = 0. Give g(p).
1
Let m(x) be the second derivative of -x**5/20 + 5*x**4/12 + 7*x**3/6 - 3*x**2/2 - x. Suppose 20*v = 105 + 15. What is m(v)?
3
Let q(p) = -27*p**2 - 3*p + 1 - 2*p + 26*p**2. What is q(-7)?
-13
Suppose -5*q - 20 = 0, -k - 3*q = -7*q - 18. Suppose 2*w = 2*o, -5*w - k*o + o = 30. Let m(c) = -c**3 - 5*c**2 + 5. Calculate m(w).
5
Let y(o) = o + 8. Let l be y(-9). Let v(p) = -1 + p**3 + 2*p**2 + 0*p**3 - 5*p**3. Determine v(l).
5
Let c(o) = o + 2. Let t(y) = -y - 3. Let l(f) = -5*c(f) - 4*t(f). Determine l(3).
-1
Let q(p) be the second derivative of -p**4/12 + 2*p**3/3 + 3*p**2/2 - 5*p. Let z = -4 + 7. Suppose 2*h = o + 6, -5*h + 4*o + 6 = -z*h. Calculate q(h).
6
Let i(k) be the third derivative of k**5/30 - k**4/8 + k**3/6 + k**2. Let z be i(2). Let n(x) = x**3 - z*x**2 - x - 2 - x + 5. Calculate n(3).
-3
Let r be 20/7 + 3/21. Let l(k) = -3 + 7*k**2 - 5*k**2 - k**2 - r*k. Suppose -1 + 6 = q. Determine l(q).
7
Let a be (-22)/(-143) - (-256)/26. Let n be a*(-1)/((-10)/4). Let w(f) = f**3 - 5*f**2 + 5*f. Give w(n).
4
Let u(q) = q**3 - 8*q**2 + 11*q + 7. Let b be u(6). Let d(v) be the first derivative of -3*v**2 + v + 3. What is d(b)?
-5
Let r(o) = 2*o**2 - 1. Let v(c) = 3*c**2 - c - 2. Let s(j) = 4*r(j) - 3*v(j). What is s(5)?
-8
Let h(t) = 3*t**3 + 2*t**2 - t. Let r(q) = q**2 - 10*q + 25. Let s be r(6). Calculate h(s).
4
Let r(v) = v**2 + 2 + 2 - 1 + 8*v - 3*v. Let i be r(-3). Let n(k) = 2 + 8*k**2 - 7*k**2 - 4 + 5*k. Determine n(i).
-8
Let d(m) = m**3 + 7*m**2 - 4*m - 5. Let l(f) = -f**2. Let n(x) = d(x) + 3*l(x). Let o be (6/4 - -1)*-2. What is n(o)?
-10
Let i(m) = 2*m**3 - 11*m**2 - m + 20. Let w(d) = -3*d**3 + 16*d**2 + d - 30. Let j(a) = 8*i(a) + 5*w(a). Determine j(8).
-14
Let t(i) = i**3 - 6*i**2 - i. Let a = 10 + -7. Let f(w) = w**3 - w**2 - 5*w + 3. Let z be f(a). Give t(z).
-6
Let v = 67 - 65. Let o(n) be the third derivative of n**4/24 - 2*n**3/3 - n**2. What is o(v)?
-2
Let z = -4 - -4. Let k be z + (2 - 4) + 4. Let f(b) = -6*b**2 - b**2 + 2*b**k. Determine f(-1).
-5
Let d = 5 - 5. Suppose d = -5*g - 4 + 14. Let r(u) = -1 - u**2 - 3 + 5 - u. Determine r(g).
-5
Let d be 14/(-10) + (-4)/(-10). Let r(w) = -7*w - 3. Let f(t) = -t - 1. Let u(x) = -2*f(x) + r(x). Give u(d).
4
Let c(p) = -p - 2. Suppose -4*r - 70 = -274. Suppose -3*t + 6*t - r = -5*o, -2*o - 30 = -3*t. Suppose -x + i = 2*x - t, 0 = 5*x - 4*i - 13. Calculate c(x).
-7
Let y(d) be the third derivative of d**6/120 - d**5/20 + d**4/24 + d**3/3 - 3*d**2. Let r(t) = t**2 - t. Let n be r(2). Determine y(n).
0
Let q(t) = t**3 + 3*t**2 + 15*t + 13. Let u(o) = -o**2 + o + 1. Let k(j) = -q(j) + 5*u(j). Determine k(-7).
13
Let g(z) = 736*z**2 - 3*z**3 - 735*z**2 + 2*z**3. Determine g(0).
0
Suppose -2*o + 14 = -4*o. Let r(z) = z**3 + 6*z**2 - 9*z - 4. Calculate r(o).
10
Let v(c) = -c - 2 - 3 + 1 + 1. Suppose 2*s + 16 = -0*s. Let m be 8/2*10/s. Calculate v(m).
2
Let h(v) be the first derivative of -v**7/840 - v**6/90 + 7*v**5/120 + v**3/3 - 3. Let d(t) be the third derivative of h(t). Calculate d(-5).
-10
Let g(n) = -n**3 - n**2 - 3. Suppose -b + 2*w - 1 = -11, -2*b + w = -5. Calculate g(b).
-3
Let r be -51*((-8)/6 + 1). Let c be r/4 + (-2)/8. Let a(y) = 3*y - 6. Determine a(c).
6
Let m(u) be the third derivative of -u**4/24 + 8*u**3/3 + 7*u**2. Determine m(0).
16
Suppose 4*a = 23 - 15. Let i(w) = w - 2. Determine i(a).
0
Let w(y) = 2*y - 10. Let i be w(6). Let d(s) = s**2 - 2*s + 1. What is d(i)?
1
Let q(m) be the first derivative of m**5/60 + m**4/12 - m**3 - 2*m**2 - 8. Let t(p) be the second derivative of q(p). Calculate t(-5).
9
Let u(w) be the second derivative of w**6/360 + w**5/60 - w**4/24 - 2*w**3/3 + w. Let a(p) be the second derivative of u(p). What is a(3)?
14
Suppose 4*u - a - 18 = 0, -3*u - 3*a - 2 = -2*u. Let l(v) be the third derivative of v**4/24 - 2*v**2. Calculate l(u).
4
Let i(m) = m**2 + 3. Let z = -16 - -16. Suppose j + 2*j + l = -1, -4*l - 18 = -2*j. Let n be (0 - (z + 0))*j. Give i(n).
3
Suppose -5*c - t + 15 = 4*t, -3*c - 5*t + 13 = 0. Let l(k) = k + 1. What is l(c)?
2
Let z(x) = -x**2 - 3*x + 4. Let f(j) = -3*j**2 - 24*j - 5. Let d be f(-8). Calculate z(d).
-6
Suppose -25 = -10*t - 5. Let k(u) = -u. Determine k(t).
-2
Suppose 10 = -5*k - 10. Let n be (-24)/(-18) + 14/(-6). Let d be 1/((-6)/k + n). Let v(r) = r**3 - r**2. What is v(d)?
4
Let r(l) = l**2 - l + 1. Let s(y) = -5*y**2 + 10*y - 7. Let g(o) = 4*r(o) + s(o). Suppose 0*x + 15 = 3*x. Suppose 3*t - x = 13. What is g(t)?
-3
Let f(r) be the second derivative of -r**4/6 + 7*r**3/6 - 2*r**2 - 3*r - 9. Give f(4).
-8
Let y = 3 - 1. Let a = y - -3. Suppose 3*l - a*l + 6 = 0. Let t(b) = -2*b + 3. Give t(l).
-3
Let n(x) be the first derivative of 3*x**2/2 - x + 9. Determine n(-1).
-4
Suppose y - 3 = -3*s - 0, 0 = 2*y - 5*s - 61. Suppose -4*p - y = 2*u, 6*p + 2 = 5*p - 3*u. Let k = p + 8. Let n(d) = d**2 - d + 1. Give n(k).
7
Let b = -35 - -20. Let q = 24 + b. Suppose 0 = 4*w - 4*u + 3*u + 3, q = -5*w + 3*u. Let s(y) = y. Calculate s(w).
0
Let t(r) be the second derivative of -r**5/60 + r**4/4 + 3*r**2/2 + 8*r. Let c(m) be the first derivative of t(m). What is c(7)?
-7
Let m(k) = -4*k - 2. Let u(n) = 2*n - 15. Let f be u(10). Suppose -f*p + 11 - 1 = 0. What is m(p)?
-10
Let w(j) = -j + 7. Let t be (-2 + 6 + -3)*0. Determine w(t).
7
Let g = -63 + 58. Let x(a) = -6 + 5*a + a**2 + 6. Calculate x(g).
0
Let u(t) = -t**3 + 9*t**2 - 9*t + 12. Let x be u(8). Let i(g) = -g**2 + 4*g - 4. Determine i(x).
-4
Let l(n) be the third derivative of -n**5/60 + 5*n**4/24 + 5*n**3/6 + 16*n**2. Calculate l(6).
-1
Let j(y) = y + 9. Let z be j(-9). Let q(b) = -b - 2. What is q(z)?
-2
Let s(a) = 2*a - 2. Let n(w) = w - 1. Let o(q) = -12*n(q) + 5*s(q). Let f = -6 - -10. What is o(f)?
-6
Let v(o) = -o**3 + 6*o**2 + 2*o - 6. Let h(n) = 2*n**2 + 3*n - 2. Let a be h(-3). Suppose 0 = 3*x - 25 + a. Give v(x).
6
Let a(o) be the second derivative of -o**4/12 - 2*o**3/3 - 2*o. Let y = -15 - -11. What is a(y)?
0
Let u(k) be the second derivative of 0 + 1/720*k**6 + 3*k + 0*k**2 + 1/40*k**5 + 0*k**3 + 1/6*k**4. Let q(s) be the third derivative of u(s). What is q(5)?
8
Let y(l) = 5*l - 9. Let t(o) = 11*o - 18. Let g(v) = -4*t(v) + 9*y(v). Determine g(5).
-4
Let p(c) be the second derivative of -c**5/20 - c**3/6 + 4*c**2 + c. Let r be 21/6*2 - 2. Suppose 0 = -a + r*a. Give p(a).
8
Let a(l) = l + 6. Suppose -18 = 2*k + k. Let v = k + 3. Let h = v - 0. Calculate a(h).
3
Let m(t) = -2*t + 15. Let q be m(4). Let k(f) = f - 1. Give k(q).
6
Let q(f) = 4*f - 12 - 5*f + 12. Let o(w) = -w**2 - 2*w - 3. Let u = 10 - 15. Let y(x) = u*q(x) + o(x). Give y(4).
-7
Suppose 4*z - z - 4*i - 18 = 0, 11 = z - 3*i. Let k(r) = r**3 - r**2 - 3*r + 1. Give k(z).
-1
Let l(r) = -25*r - 7. Let s(w) = -26*w - 3. Let d(t) = -13*t - 2. Let y(c) = -5*d(c) + 2*s(c). Let q(m) = 3*l(m) + 5*y(m). What is q(1)?
-11
Let n = -5 - -7. Let v(p) = 0*p + 0*p + n*p - 7. Give v(5).
3
Let t(i) = i**3 + 6*i**2 + 2*i - 8. Suppose 3*z - 7 = -5*u, 11*z - 12*z = -4*u + 26. Calculate t(z).
-20
Let y(x) = x + 4. Let m(t) = 3*t - 3. Let g be m(4). Suppose 0 = 3*l - 2*n + g, -l - n - 6 = -3. Give y(l).
1
Let h(x) = x**3 + 5*x**2 + 2*x + 7. Let m be (-23)/5 - (-50)/(-125). What is h(m)?
-3
Let g(x) be the second derivative of -x + 0 - 1/6*x**3 + x**2 - 1/12*x**4. Let n(u) = 37*u - 222. Let i be n(6). Calculate g(i).
2
Let o(x) be the first derivative of -x**3/3 - x**2 - x + 2. Suppose y + y + 10 = -2*h, 5*y + 2*h + 19 = 0. Give o(y).
-4
Let y(j) = 2*j**2 + 6*j + 3. Let r be (-21)/(-28) - 57/12. Determine y(r).
11
Let h(q) = -q + 1. Let t(j) = 3*j - 9. Let w(z) = 6*h(z) + t(z). Let i(v) = v**3 + 8*v**2 + 9*v + 10. Let k be i(-7). Give w(k).
9
Let g(a) = a**3 - 7*a**2 + 6*a - 9. Suppose -12*k = -13*k + 6. Give g(k).
